
Let n(r) = 2*r**2 + 1. Let d(y) = -1 - 2 + 0 + 2 + y. Let c be d(2). Give n(c).
3
Let z(a) = -a**2 - 3*a + 4. Let o be z(-4). Suppose -b + 4*b - 9 = o. Let p(j) = 0*j - 4 + 3*j - 2*j. What is p(b)?
-1
Let w(g) = -g - 3. Let z(s) = 1. Let k(r) = -3*w(r) - 15*z(r). Let o(b) = -b + 0*b - 6 - 6 + 2. Let a be o(-14). Calculate k(a).
6
Let u(q) = -q**2 - 3*q + 1. Let r be 32/28 + -5 + (-1)/7. What is u(r)?
-3
Let m = -10 + 12. Let c = 4 - m. Let v(b) = -2*b + c*b - 3*b + 0*b. What is v(1)?
-3
Let r(p) = p**3 + p + 1. Let g = -16 - -15. Give r(g).
-1
Let s be (-6)/27 + (-2)/(-9). Let f(y) be the second derivative of -y**3/6 + 11*y**2/2 - 83*y. Give f(s).
11
Let s be (-2 - -3)/((-3)/9). Let g(k) = k**3 - 3*k**2 - 4*k - 4. Let t(o) = -2*o**3 + 2*o**2 + 5*o + 4. Let f(r) = s*g(r) - 2*t(r). Determine f(-5).
-6
Let q(b) = -3*b + 6. Let w = -13 - -16. Let m be q(w). Let y(z) = z**3 + 4*z**2 + 4*z + 2. Calculate y(m).
-1
Let x(u) = 5 + u - 6 + u**2 - 2*u. Let d(s) = s + 20. Let q be d(-6). Let b(p) = p**3 - 15*p**2 + 14*p. Let g be b(q). What is x(g)?
-1
Let n(h) = h**3 + 7*h**2 - 2*h - 3. Let s(w) = -6*w**3 - 36*w**2 + 9*w + 14. Let t(u) = -11*n(u) - 2*s(u). Give t(4).
5
Let f(o) = 16*o**2 - 61*o - 25. Let z(u) = -3*u**2 + 12*u + 5. Let h(j) = 2*f(j) + 11*z(j). Calculate h(11).
-6
Let v(y) = -9*y - y**2 + 0*y + 8 + 3. Give v(-10).
1
Let u(f) be the first derivative of 2*f**3/3 + f**2/2 - f + 17. What is u(2)?
9
Let q be ((-7)/(-21))/((-2)/18). Let d = q - 2. Let m(i) = i**3 + 5*i**2 - 2*i - 1. Determine m(d).
9
Let k = 17 + -13. Suppose -k*u + 8*u + 16 = 0. Let y(j) = -j**3 - 4*j**2 - 3*j. Give y(u).
12
Let l = -8 + 10. Suppose -1 = l*u - 7. Let r(s) = 2*s**2 - 3*s - 2. Give r(u).
7
Let b(m) be the third derivative of m**5/60 + m**4/24 - m**3/2 - 8*m**2. Determine b(-3).
3
Suppose -4*o + 2*b = 3 + 13, 0 = -5*o - 5*b - 35. Let d(z) = z**2 + 5*z - 7. Determine d(o).
-7
Suppose -5*t - 4*x = -42, 2*t - 4*t + x = -9. Let i(u) = -1 + 8*u - 6*u - 3*u. Give i(t).
-7
Let i(k) = 7 + k - 28 + 21. Let h = -3 - -2. What is i(h)?
-1
Let i(k) = -6*k**2 + 0 + 3 + 5*k**2 - 5*k + 0*k**2. What is i(-6)?
-3
Let h be (3/(-12))/((-5)/60). Let u(j) = -2*j**2 - 3*j + 6 + h*j**2 + 4*j. Give u(0).
6
Let m(r) = -r + 4. Let y(t) = t - 1. Let d be y(4). Suppose 0 = 5*i - d - 7. Let b be 0 - (i + -1) - -1. Determine m(b).
4
Let s(u) be the third derivative of u**7/5040 + u**6/360 + u**5/60 - 2*u**2. Let m(w) be the third derivative of s(w). What is m(-5)?
-3
Let t(d) = -d. Let y be (-1)/(1*(-3)/12). Suppose -5 = 2*v + m, 3*v = -m + y - 14. What is t(v)?
5
Let z(h) = -3*h + 1. Let a be z(2). Let k(g) = -g**2 - 6*g - 5. Determine k(a).
0
Let w = -1 - -6. Suppose -4*j = -2*p + 2 - 0, w*p + 22 = j. Let o(m) = -m**2 - 4*m + 2. Calculate o(p).
-3
Let i(j) be the third derivative of -j**5/60 + j**4/8 - j**3/6 - 28*j**2. What is i(2)?
1
Let v(c) = c**2 + 3*c - 3. Let n = 7 + -5. Let p = n + 0. Let f = -7 + p. Give v(f).
7
Let k = 6 - 4. Let o be 4/(-6) - 34/(-6). Suppose q = o*i - 24, 5*q - k*i + 40 = 3*i. Let l(b) = -b**2 - 2*b - 1. Give l(q).
-9
Let m(q) be the third derivative of q**5/60 + q**4/24 - q**3/2 - 8*q**2. Calculate m(-3).
3
Let b(v) = -2*v - 1. Let q(d) = 3*d + 11. Let k be q(-4). Determine b(k).
1
Let f(l) be the first derivative of l**3/3 - 5*l**2 - 4*l - 6. What is f(10)?
-4
Let d be (-32)/12 + 1 + (-3)/9. Let i(m) = 14*m**2 + 2*m - 17. Let r(u) = 5*u**2 + u - 6. Let g(h) = -4*i(h) + 11*r(h). Give g(d).
-8
Let y(i) = i - 1. Suppose -3*g + 35 = -5*q, 4*q - 4*g + 22 = -14. What is y(q)?
-5
Let r(z) = -z - 5. Suppose 5 = 3*s + 11, -5*l - 3*s = -4. Suppose w + 3 = 5*u, -l*w + 3*u - 6 = 6*u. Determine r(w).
-2
Let g = 17 - 5. Let q(j) = g - 3*j + 0*j + 4*j. Give q(-6).
6
Let a(i) = -1 + 2*i**2 - 4*i**2 + 0 + i**2 - 5*i. Determine a(-6).
-7
Let v(y) = -y - 1. Let j(q) = 5*q - 8. Let f(z) = -j(z) - 4*v(z). Calculate f(0).
12
Let u(d) = 2*d**2 - 2 + 4 - 14*d**3 - 6*d**3 + 22*d**3. Calculate u(-2).
-6
Let r(c) = -c**3 - 4*c**2 - 4*c - 3. Let a(b) = 1 - 2*b + 3*b - 3 + b**3. Let q be a(0). Let w be r(q). Let p(l) = 4*l + 2. What is p(w)?
-10
Let h(o) = 41 + o**2 - 11*o - 17 - 20. Determine h(8).
-20
Let k(g) = -g + 1. Let r(b) = b. Let x(s) = -3*k(s) - 4*r(s). Calculate x(-6).
3
Let b(x) = 3*x**3. Let z(n) = 10*n**3 - 1. Let g be 12/((-2)/4 - 1). Let t = -6 - g. Let j(s) = t*z(s) - 7*b(s). Calculate j(-2).
6
Let q = 6 - 3. Let n(w) = -8*w - 20. Let g(s) = -3*s - 7. Let k(l) = -11*g(l) + 4*n(l). What is k(q)?
0
Let t be ((-1 - 1) + 1)/(-1). Suppose -t = 3*a - 4. Let s(h) = -h - 7. Let n(g) = g + 3. Let y(b) = -5*n(b) - 2*s(b). Calculate y(a).
-4
Suppose -2*f = 2*f - 8. Let o(i) = 2*i**2 - 3*i - 4. Let k(t) = -2*t**2 + 3*t + 5. Let p(c) = 4*k(c) + 5*o(c). Give p(f).
2
Let n = 12 + -7. Suppose 4*y - 11 - 9 = 0. Let c(v) = 6 + 4 - y - 3*v. Calculate c(n).
-10
Suppose 5*s - s = 8. Let a be s + 1 + 2*-1. Let b(m) = m**2 + 4*m - 2 - 2 + a - m**3. Determine b(2).
1
Let h(a) = a**3 - 2*a**2 - 2*a + 1. Let b be (-8)/(-36) - 16/(-9). Give h(b).
-3
Let a(j) = -2*j + 1. Let c be (-378)/78 - (-2)/(-13). Let g(p) = p**3 + 6*p**2 + 5*p + 4. Let x be g(c). Determine a(x).
-7
Let p(r) = 6*r + 6*r**2 - 7*r**3 - 6*r**3 - 14*r**2 + 14*r**3 + 9. Calculate p(7).
2
Suppose q = -5*a + 9, 3*a - 4*q + 2 = 12. Let r = 0 + a. Let g(f) = 3*f + 0*f - f**r + 4 + 0*f**2. Give g(3).
4
Let m(b) be the first derivative of b**2 - 4*b + 1. Let x be (3/(-2))/((-2)/(-4)). Let n be (x + 13)*2/5. Give m(n).
4
Let h(k) be the first derivative of -k**4/4 - 4*k**3/3 + 2*k**2 - 7*k - 1. Suppose -y - 5 = -14. Let p = 4 - y. What is h(p)?
-2
Let r(f) be the second derivative of -1/6*f**4 + 1/3*f**3 + 0 - 1/2*f**2 + f - 1/20*f**5. Calculate r(-2).
-5
Let d(x) = -x**2 + 17*x - 18. Let m be d(16). Let v(o) = -o**3 - 3*o**2 - o + 2. Calculate v(m).
0
Let a(z) = z**2 + 6*z + 6. Let j(v) = -14*v**3 + v**2 - 1. Let i be j(1). Let t = 8 + i. What is a(t)?
6
Suppose -5*t = -3*t - 16. Let c be 1*3*t/(-12). Let r(m) = 4*m**2 + 3*m - 4. Let x(a) = -a**2 - a + 1. Let y(q) = c*r(q) - 7*x(q). Calculate y(-2).
-5
Let j(r) be the third derivative of -r**4/12 - 2*r**3/3 + r**2. Suppose 8*d = -33 - 7. Give j(d).
6
Let l(m) = -4*m + 35*m**3 + 5 - 6*m**2 + 2*m**2 - 34*m**3. What is l(5)?
10
Let f(x) = x**3 - x**2 - 1. Let c(b) = -5*b**3 + 3*b**2 - 2*b + 10. Let n(y) = c(y) + 6*f(y). Calculate n(4).
12
Let l(f) = -f**3 - 4*f**2 - 2*f + 1. Let o(s) be the second derivative of -s**4/12 - 7*s**3/6 - 4*s**2 + s. Let c be o(-6). What is l(c)?
-3
Let n(m) = m**2 + 17*m + 7 - 31*m + 19*m. Let s(t) = -t**3 + 5*t**2 - 3*t + 6. Let c be s(4). Let o = c + -15. Calculate n(o).
7
Let p(b) = -b + 6. Let k be p(-6). Let j = 8 - k. Let f(d) = 3*d**2 - 2*d. Let s(a) = 2*a**2 - 2*a + 1. Let w(x) = -3*f(x) + 4*s(x). Calculate w(j).
-4
Let n(m) = m**3 - 2*m**3 - 26*m + 25*m + 3*m**2 - 1. Determine n(3).
-4
Let z(y) = -3 - 2*y - 6 + y. Let f be (34/(-10) - 14/(-35)) + -3. Give z(f).
-3
Let r(q) = q**2 - 9*q - 9. Let d(k) = -5*k**2 + 36*k + 36. Let s(h) = 2*d(h) + 9*r(h). Give s(-7).
5
Let r(a) = -5*a**3 + 14*a**2 - 20*a - 11. Let i be (0 - -5)*(-2)/(-2). Let d(g) = -3*g**3 + 9*g**2 - 13*g - 7. Let f(q) = i*r(q) - 8*d(q). Give f(-3).
-2
Let l(a) = 3*a - 3. Let n = 26 + -24. Give l(n).
3
Let a(w) = w - 7. Let j(y) = 4*y - 1. Let s be j(1). Let t = s + 0. What is a(t)?
-4
Let b(j) = j**2 + 2*j - 1. Let h = 7 - 5. Suppose -2*s = 4*z - 20, -s + h*z = -13 - 1. Let q be 2/3 - (-4)/s. Give b(q).
2
Let m(s) = -s**3 - 5*s**2 + 2*s + 2. Suppose 0*n - 5*n + 42 = 3*g, 4*n = 3*g + 39. Let z = 4 - n. Give m(z).
-8
Suppose 0 = -5*f - 5 - 5. Let n(l) = l + 4. Give n(f).
2
Let l(a) = a - 4 + a + 3*a - a**2. Determine l(5).
-4
Let m(y) = -y**2 - 9*y - 7. Let c be m(-9). Let s be (-8)/28 - 16/c. Let v(o) = -o**3 + 2*o**2 - o - 1. Calculate v(s).
-3
Let p(v) be the second derivative of v**4/12 - v**3/2 - v**2/2 + 51*v. What is p(4)?
3
Suppose 17 = 5*y - 3. Let v = -1 + y. Let t(o) = o**3 - 3*o**2 + 2*o - 1. What is t(v)?
5
Let o(v) = -v**2 + 7*v + 6. Suppose 0 = -3*b - 2*p + 7*p + 36, 15 = 3*b + 2*p. Give o(b).
6
Let v(j) = 2*j**2 - 3*j - 3. Suppose 18*a = 20*a + 2. Let o = a + 4. Determine v(o).
6
Let d(l) = 3*l - 3. Let z(f) = f**2 + 15*f - 5. Let g be z(-15). Give d(g).
-18
Let k(s) = 8*